atest common factor of 6475 and 4898250.
175
What is the greatest common divisor of 335259911 and 287?
287
Calculate the greatest common factor of 480 and 31776.
96
What is the highest common divisor of 42330496 and 4992?
1664
Calculate the highest common factor of 6575816 and 117.
13
Calculate the greatest common divisor of 851 and 988270.
37
What is the greatest common factor of 3752977 and 839724?
3683
Calculate the greatest common divisor of 3312800 and 15.
5
What is the highest common divisor of 30 and 400690310?
10
Calculate the highest common divisor of 308465143 and 98.
49
What is the greatest common divisor of 349027 and 2263261?
833
What is the greatest common divisor of 80 and 117163640?
40
What is the highest common factor of 26214704 and 8?
8
Calculate the greatest common factor of 45201 and 152209.
19
What is the highest common factor of 110 and 16415674?
22
What is the greatest common divisor of 6420 and 1902650460?
6420
Calculate the highest common divisor of 121995 and 55680.
15
What is the greatest common factor of 14187195 and 45?
45
What is the greatest common factor of 19 and 278268281?
19
Calculate the greatest common divisor of 12065 and 916370.
95
What is the greatest common divisor of 30 and 83715?
15
What is the greatest common factor of 12474936 and 288?
72
What is the greatest common divisor of 579 and 40294540?
193
Calculate the highest common factor of 2 and 12321178.
2
What is the greatest common divisor of 146 and 1796218?
2
Calculate the greatest common divisor of 1649 and 984504.
17
Calculate the greatest common factor of 272 and 497131.
17
What is the highest common factor of 36 and 10798578?
18
What is the highest common divisor of 149833338 and 1096?
274
Calculate the highest common factor of 24192851 and 6146.
439
Calculate the greatest common divisor of 80925 and 200850.
975
What is the highest common factor of 215983174 and 22?
22
Calculate the highest common factor of 2715196 and 759.
253
What is the greatest common factor of 12726396 and 4?
4
What is the highest common factor of 153468 and 24059?
49
What is the greatest common factor of 8698 and 632?
2
Calculate the highest common divisor of 55759 and 518.
37
What is the greatest common divisor of 189240 and 8760?
120
Calculate the highest common factor of 1605 and 33175.
5
Calculate the greatest common divisor of 1857 and 218464289.
619
What is the highest common divisor of 920 and 10657510?
230
Calculate the greatest common divisor of 255955 and 2105292.
497
Calculate the greatest common divisor of 273 and 27192789.
39
What is the highest common divisor of 38265 and 13530?
15
Calculate the greatest common divisor of 8515 and 284957881.
1703
Calculate the greatest common divisor of 7695 and 189297.
1539
What is the greatest common factor of 616004826 and 17?
17
Calculate the highest common divisor of 78697874 and 15670.
3134
What is the highest common divisor of 32116 and 29318436?
868
Calculate the highest common factor of 4704 and 2314944.
96
Calculate the highest common divisor of 92131 and 169442.
247
What is the highest common divisor of 47646625 and 4251?
1417
Calculate the greatest common divisor of 9500 and 96634.
38
Calculate the highest common factor of 90868497 and 41217.
3747
Calculate the highest common divisor of 805 and 2422945.
35
What is the greatest common factor of 945 and 325620855?
315
Calculate the highest common factor of 30 and 257540835.
15
What is the highest common divisor of 43964841 and 7221?
87
Calculate the highest common factor of 4114803 and 14707.
77
What is the highest common factor of 326312 and 3934?
14
Calculate the highest common factor of 37766 and 14858.
46
Calculate the highest common divisor of 57998 and 16815718.
1234
What is the greatest common factor of 289580 and 750?
10
Calculate the greatest common factor of 39111438 and 40062.
3642
Calculate the highest common factor of 824923673 and 98.
49
Calculate the greatest common factor of 3345696 and 288.
288
Calculate the greatest common divisor of 10070 and 36310406.
2014
What is the highest common factor of 306 and 12895197?
51
Calculate the highest common divisor of 2064124670 and 10.
10
Calculate the greatest common factor of 185 and 3044101.
37
Calculate the greatest common divisor of 7776 and 61930656.
2592
What is the highest common divisor of 2 and 2533341?
1
What is the highest common divisor of 1343 and 155737?
17
What is the greatest common divisor of 7461190 and 150?
10
What is the greatest common divisor of 151815 and 9715?
145
What is the highest common divisor of 4270 and 252021500?
610
What is the greatest common factor of 153029978 and 27478?
2498
Calculate the greatest common factor of 419964636 and 1794.
1794
What is the greatest common divisor of 34425 and 1885113?
1377
What is the highest common divisor of 3957 and 46862751?
3957
What is the greatest common factor of 1632 and 926772?
204
What is the greatest common factor of 27 and 575292969?
27
What is the greatest common divisor of 690 and 14130510?
690
Calculate the highest common divisor of 1910 and 1338598670.
1910
What is the greatest common factor of 16 and 594645392?
16
Calculate the highest common factor of 24 and 2473377.
3
Calculate the greatest common factor of 728 and 158947698.
182
What is the highest common divisor of 1664105 and 59383?
1381
What is the highest common factor of 324 and 386254413?
81
Calculate the greatest common factor of 6775208 and 264.
88
What is the highest common divisor of 17 and 8465864?
17
What is the greatest common factor of 49522 and 248046694?
4502
Calculate the highest common divisor of 804040 and 65240.
40
What is the greatest common divisor of 34560 and 9030912?
768
Calculate the greatest common divisor of 23 and 550870148.
23
What is the greatest common factor of 3597513 and 438?
219
Calculate the greatest common factor of 525175 and 2100.
175
What is the highest common divisor of 11566287 and 147519?
3987
What is the highest common factor of 16720 and 1440?
80
What is the highest common factor of 92685978 and 27?
27
Calculate the greatest common factor of 54 and 403345422.
18
What is the greatest common divisor of 5833 and 418000?
19
What is the greatest common divisor of 401386 and 25026?
194
What is the highest common divisor of 2328 and 546648?
24
Calculate the highest common factor of 14723748 and 2626.
26
Calculate the highest common divisor of 10 and 41335480.
10
What is the greatest common divisor of 1492274 and 644?
14
What is the highest common divisor of 309240 and 390?
30
What is the highest common factor of 1826484 and 2376?
132
What is the greatest common factor of 45850 and 44933?
917
Calculate the greatest common divisor of 3537 and 46505.
131
Calculate the highest common factor of 43076820 and 148068.
5484
Calculate the greatest common factor of 9432 and 28830087.
1179
What is the highest common divisor of 27767641 and 436?
109
What is the highest common factor of 416031 and 6400754?
1801
Calculate the greatest common factor of 85548537 and 9.
9
Calculate the greatest common factor of 41111 and 56.
7
What is the highest common divisor of 29298 and 198474?
114
Calculate the greatest common divisor of 273 and 15906163.
91
What is the highest common factor of 1104 and 2251148?
92
Calculate the highest common divisor of 1089789 and 14541.
393
Calculate the highest common divisor of 90258 and 714082.
614
What is the greatest common divisor of 222046 and 880?
22
What is the greatest common divisor of 153369148 and 3376?
844
What is the highest common factor of 210178 and 30742?
38
What is the highest common divisor of 10 and 4168574?
2
What is the greatest common divisor of 87 and 148782470?
29
Calculate the highest common divisor of 10415 and 243605.
5
Calculate the greatest common divisor of 56 and 97022996.
28
Calculate the highest common factor of 155421 and 182847.
21
What is the greatest common divisor of 262144 and 179648?
64
What is the highest common divisor of 79447410 and 406?
14
What is the highest common divisor of 59902536 and 28584?
9528
What is the greatest common factor of 2803241 and 76?
19
Calculate the greatest common divisor of 21291 and 407247.
453
What is the highest common divisor of 1329 and 2637?
3
Ca